2)/6. Give o(b).
-1
Let f(d) = -10*d - 3. Let i be (2 + (-4)/3)/((-52)/156). What is f(i)?
17
Let w(r) = -r**2 + 2*r - 2. Let z(u) = 2*u + 6. Let l be -1 + -1 + (-13 - -6). Let a be z(l). Let o = a + 14. What is w(o)?
-2
Suppose -3 = j, 9*q + 4*j = 4*q - 12. Let t(g) be the first derivative of g**2/2 + 1. Give t(q).
0
Let h(z) = 8*z - 12. Let t(f) = f - 13. Let n(d) = -h(d) + t(d). What is n(2)?
-15
Suppose -2*x + 4*y = y - 10, 3*x + 4*y + 19 = 0. Let g(i) be the first derivative of -3*i**4/4 - i**3/3 - i**2/2 - 2. What is g(x)?
3
Suppose 4*m - 2*m = -4. Let c(y) be the first derivative of -y**5/20 - y**4/12 + y**2 - 3*y + 15. Let h(s) be the first derivative of c(s). Give h(m).
6
Let y(n) be the first derivative of -5/2*n**2 - 35 + 6*n. Give y(4).
-14
Let m(w) = -18*w + 12. Let s(l) = -40*l + 23. Let v(q) = 9*m(q) - 4*s(q). Let z = 31 - 21. Let b be v(z). Let u(j) = j**3 + 5*j**2 + 3*j + 3. Determine u(b).
7
Let n be ((-306)/12)/(1/(-6)). Let p(w) = -w - 74 - 78 + n. Give p(6).
-5
Let w(l) = 1. Let z(k) = k**2 - 3*k + 4. Let y(i) = 5*w(i) - z(i). Let h be (-8 - -2)*(-90)/108. Determine y(h).
-9
Let x be (-1)/(-2)*-18 + 1. Let r(p) = -4*p. Determine r(x).
32
Let l(d) be the third derivative of -d**5/20 - d**4/8 + d**3/6 + 14*d**2. Suppose r + 15 = 4*r. Suppose -1 = -r*m + 9. Determine l(m).
-17
Let f(j) be the second derivative of -1/20*j**5 - 3/4*j**4 + 0 - 20*j + 1/6*j**3 + j**2. Determine f(-9).
-7
Let x(r) = 16*r**2 + 3*r**3 + 3 - 23*r**2 + 3*r - 2 + 10*r**2 - 2*r**3. Determine x(-3).
-8
Let o be (-2 - -5)*-1 + -1. Let u(r) = 4*r**3 + 10*r**2 - r + 10. Let g(k) = -3*k**3 - 9*k**2 + 2*k - 9. Let z(i) = o*u(i) - 5*g(i). Give z(4).
-3
Let g = 5 - 4. Let c(j) = 4*j - j - g + 3. Suppose -4*r = -2*f - 14, -f + 2*r = -2*f + 13. Determine c(f).
11
Let k be (-144)/27 - 2/3. Let x = k - -10. Let p(b) = x - b**2 - b + 0 + 5*b - b. Calculate p(3).
4
Let q(n) = -n - 3. Let k(l) = -2*l - 8. Let r(j) = 3*k(j) - 8*q(j). Suppose 15 = -7*v + 141. Suppose -2*p - 2*u - 7 = -21, -4*u + v = 2*p. Determine r(p).
10
Let q = -2 + -1. Let k = 22 - 17. Let r(c) = 2*c + 4. Let m(y) = 3*y + 8. Let w(a) = k*r(a) + q*m(a). Give w(-3).
-7
Let n(q) be the third derivative of 1/3*q**3 - 3*q**2 + 0*q**4 + 0*q - 1/20*q**5 + 0 + 1/60*q**6. Determine n(2).
6
Let w(q) be the second derivative of -q**5/20 + 3*q**4/4 - q**3/6 + 4*q**2 + q. Let l be w(9). Let p(u) = 17*u - 20*u + 1 - 8*u**2 + 5*u. Determine p(l).
-9
Let f(u) = -34*u - 31*u - 3 + 59*u - u**2 - 3*u**2 + 2*u**2. Let r(a) = -a**3 - 4*a**2 + a. Let j be r(-4). Determine f(j).
-11
Let c(h) = -4*h**3 + 6*h**2 - 1. Let d(w) = w**2 - w - 1. Let k(q) = -c(q) + 4*d(q). Determine k(-2).
-35
Suppose 0 = 2*j - 4 - 26. Suppose -j = -3*w - 2*w. Suppose 0*n - w = n. Let r(m) = -2*m + 1. Calculate r(n).
7
Let k(y) = -5*y - 3. Let m be (-2)/(-2) + (12 - 3)/3. What is k(m)?
-23
Let z(a) = -2 + a + 5 - 2 + 4. Let d(n) = n**2 + 3*n - 48. Let k be d(6). What is z(k)?
11
Let q(p) = 3*p**2 + 3*p + 14. Let b(y) = y**2 + 2*y + 7. Let k(c) = 5*b(c) - 2*q(c). Suppose 3*g = 5*o - 16, 0 = -2*o - o + g + 12. Determine k(o).
2
Let b = -524 - -521. Let o(x) = 9*x + 1. Give o(b).
-26
Let o(i) = i - 4. Let n be o(4). Let d be (-1 - (1 - n))*(-4)/8. Let q(t) = 10*t**2 + 1. Determine q(d).
11
Let k(a) be the second derivative of 2*a**6/15 - a**5/60 + a**4/12 - a**3/6 - 11*a**2 - 30*a. Let j(v) be the first derivative of k(v). Give j(1).
16
Let r be (2/(-4))/((4 + 6)/(-40)). Let n(t) be the third derivative of -1/10*t**5 + 1/120*t**6 + 0 + 0*t + 3*t**r - 1/6*t**3 + 7/24*t**4. Calculate n(5).
9
Let a(c) = -10*c**3 + 4*c**2 + c - 8. Let k(t) = 20*t**3 - 7*t**2 - 2*t + 14. Let h(d) = 7*a(d) + 4*k(d). Determine h(-1).
-9
Let v(y) be the third derivative of -y**4/24 - 2*y**3/3 - 2749*y**2. Suppose 0*p = 2*p - 12. What is v(p)?
-10
Let s(v) be the first derivative of -1/2*v**2 - 4*v + 1/20*v**5 - 5/12*v**4 - 7/6*v**3 - 1. Let x(o) be the first derivative of s(o). Calculate x(6).
-7
Let j(z) be the third derivative of -z**4/24 + 2*z**2 - 77*z. Determine j(-8).
8
Let d = 1 + 6. Suppose d*l - 4*l = 18. Let x(b) = b**2 - 2*b - b - 6*b - 5 + 3*b. What is x(l)?
-5
Suppose 4*c + 2 = -4*k + 10, 2*c + 16 = 3*k. Let b(w) = 2*w**2 + 3*w + 5. What is b(c)?
7
Let z(w) = -34 + 7*w + 29 - 15*w + 9*w. What is z(-2)?
-7
Let y be (-3)/5 - ((-48)/30 + -1). Let k be (-24)/9*3/y. Let x(o) = o. Determine x(k).
-4
Let v(q) = 7*q**2 - 20*q**2 - 9 + 14*q**2 + 9*q. What is v(-8)?
-17
Let h = 6651 - 6659. Let s(a) = -a**3 - a + 1. Let f(b) = 4*b**3 + 7*b**2 - 4*b + 7. Let t(x) = -f(x) - 3*s(x). Determine t(h).
-2
Let z(h) = -4 + h + 6 + 7. Let l(p) = p**2 + p + 2. Let a be l(-2). Suppose -a*w = 5*r - 16, 4*w - 1 = 15. What is z(r)?
9
Let y(x) = 8*x - 3. Let d(p) = -42*p + 17. Let h(n) = -2*d(n) - 11*y(n). Calculate h(4).
-17
Let d(b) = -6*b + 1. Let r be d(-3). Let s(y) = r*y - 10*y - 8*y + y**3. Let v = -2 + 3. Determine s(v).
2
Let n(t) be the third derivative of t**6/360 + t**5/30 - 10*t**3/3 + 20*t**2. Let c(d) be the first derivative of n(d). Calculate c(-2).
-4
Let o(c) = -c**2 + c - 9. Let b(a) = 6*a**2 - 7*a + 48. Let f(y) = -2*b(y) - 11*o(y). Calculate f(4).
-1
Suppose 5 + 1 = 2*w. Suppose -b - 3*s = 0, 2*b + 22 = 2*s + w*s. Let v(m) = m**2 + 8*m + 2. Give v(b).
-10
Let p(s) = -s - 4. Let z = -8 + 12. Suppose -4*v + z*f - 4 = 0, 3*v - v + 4*f - 4 = 0. What is p(v)?
-4
Let h(o) = -6*o. Let q(p) = 10*p - 9. Let c(j) = -2*h(j) - q(j). Determine c(-4).
1
Let q(f) = -f + 8. Let z = 73 + -69. Determine q(z).
4
Let i(u) be the first derivative of -16 - 1/3*u**3 - 3*u - u**2 + 1/4*u**4. What is i(-2)?
-11
Let a(g) = 7*g**2 - 2*g**3 + 12786 + 4*g**3 - g - 12779. Calculate a(-4).
-5
Let y(v) = -27*v**2. Let p(g) = g**3 - g**2 + g - 7. Let b be p(2). Calculate y(b).
-27
Let l(s) = s**3 + s**2 - 2*s - 1. Let r(y) be the first derivative of -y**2/2 - 6*y + 7. Let o be r(-4). Give l(o).
-1
Let b(l) be the second derivative of -l**4/4 + l**3/3 - l**2/2 + 56*l. Calculate b(1).
-2
Let w(d) = -d + 21. Let z be w(10). Let m(n) = -n**2 + 11*n + 2*n - z*n. Let i = 5 - 2. What is m(i)?
-3
Let u(r) be the first derivative of r + 2/3*r**3 + 0*r**2 + 15 - 1/2*r**4. Suppose -3*j + 5*j = 4. What is u(j)?
-7
Let j be -2 - 15/3 - -1. Let y(g) = 7*g**3 - 8*g**2 - 9*g - 22. Let u(c) = -2*c**3 + 3*c**2 + 3*c + 7. Let k(q) = 10*u(q) + 3*y(q). Calculate k(j).
-14
Let v(z) = 3*z - 9. Let w(r) = -8*r + 20. Let s(o) = -10*v(o) - 4*w(o). Give s(-9).
-8
Let b(k) = 7*k**3 - 2*k**2 + 2*k - 1. Suppose 11*v - 224 = -213. Determine b(v).
6
Let m(c) = 3*c - 1. Let z(a) = -4*a + 2. Suppose 0 = -4*f + 2*n + 20, 5 = f - n + 5*n. Let t(s) = f*z(s) + 8*m(s). Calculate t(-3).
-10
Let l(h) = 29*h - 40. Let x(y) = 14*y - 17. Let a(c) = 3*l(c) - 7*x(c). What is a(2)?
-23
Let x be (4 + -5)*6 - 12. Suppose -3*d - 40 = -j - 2, 4*j - 82 = -2*d. Let v = j + x. Let g(k) = -k**2 + 6*k - 5. Calculate g(v).
0
Let v(x) = -x**3 - 5*x**2 - 3*x - 1. Let p(n) be the third derivative of n**4/6 - 20*n**3/3 - 26*n**2. Let f be p(9). What is v(f)?
-5
Let i(a) = -13*a**3 + 4*a**2 + 3. Let f(n) = -2*n**3. Let c(u) = -6*f(u) + i(u). Let h(m) = m**2 - 2*m + 1. Let q be h(3). What is c(q)?
3
Let n be (-5)/(-7) + (-6)/(-21). Let k be (3 - (4 - 0))*n. Let o(b) = -8*b**2 - 1. What is o(k)?
-9
Let i(m) be the third derivative of -25*m**2 - 1/4*m**4 + 0 - 1/60*m**5 - 1/6*m**3 + 0*m. Give i(-6).
-1
Let w = -5 - -7. Let a = 1 - w. Let m(l) be the second derivative of l**3/3 + l**2/2 + 17*l - 20. Calculate m(a).
-1
Let h(b) = 5*b**3 - 19*b**2 - 34*b - 28. Let k(f) = -f**3 + 4*f**2 + 7*f + 5. Let u(y) = -2*h(y) - 11*k(y). Determine u(7).
-13
Let y be (21/(-9) - -2)/(1/6). Let z(h) = 3*h + 21. Let k(n) = -2*n - 10. Let b(g) = y*z(g) - 5*k(g). Give b(-6).
-16
Let o(c) = -c. Let y = 12 - 7. Suppose 0 = -i + y - 1. Suppose a - i = -8. Calculate o(a).
4
Suppose -1202*u = -1209*u + 14. Let l(y) be the second derivative of 1/6*y**3 - 10*y - 1/2*y**u + 0. Give l(-4).
-5
Let w(x) be the first derivative of 17*x**3/3 + x**2 + x + 632. What is w(-1)?
16
Suppose 2*s + c - 131 = -137, -11 = -5*s + 4*c. Let v(d) = 3*d**3 + 3*d**2 + d. Give v(s).
-1
Suppose -3*s + 77 + 1 = 0. Suppose s = -4*i + 10. Let b(a) = 5*a - 1. Calculate b(i).
-21
Let z(j) be the third derivative